visor of z and n.
12
Suppose 0 = -5*c - 5*h + 4*h + 20, -h = -2*c + 1. Suppose 3 = c*m - 6*m, 144 = 4*u - 4*m. Calculate the greatest common factor of u and 14.
7
Let r be 13/1 + 1 + -3. What is the greatest common factor of r and 121?
11
Let h be 3 - 3 - -13*1. Suppose -w + 5*w = 52. What is the greatest common factor of w and h?
13
Let j(x) = -8*x + 6. Let g be j(-9). Calculate the greatest common factor of 52 and g.
26
Let g(v) = 45*v - 33. Let r be g(4). What is the highest common divisor of r and 21?
21
Let a be (-10)/(-4)*(-280)/(-50). What is the highest common factor of a and 98?
14
Suppose 28 = -4*c - 0*c - 4*o, 0 = 5*c + 4*o + 33. Suppose 4*q - 43 = -d, d + 2 = q - 5. Let s = q + c. What is the greatest common factor of s and 25?
5
Suppose 2*d + 0*d + 3*i = -49, 0 = 3*d + 4*i + 76. Let w = d + 68. Calculate the greatest common divisor of 18 and w.
18
Suppose c - 32 + 10 = -y, 2*y = c - 16. Let m = -34 + 39. What is the greatest common factor of m and c?
5
Let c(i) = -i**3 - 2*i**2 - i + 1. Let q be c(-2). Suppose 30 = q*m + 6. What is the greatest common factor of 24 and m?
8
Let v be ((-7)/2 + 2)*-2. Suppose -t + v*t = 18. Let q be 9/2*44/2. What is the greatest common factor of q and t?
9
Let b be ((-16)/12)/(((-28)/288)/7). Calculate the greatest common divisor of 240 and b.
48
Let f = -120 + 183. What is the highest common divisor of f and 42?
21
Let u = 75 + -52. Let f = -19 + u. Suppose 0 = 4*i + k - 12, 2*i - 2*k = -i - 2. What is the highest common factor of f and i?
2
Suppose -g - 3*x = 42, g + 2 + 8 = 5*x. Let z = g + 63. What is the greatest common divisor of 22 and z?
11
Suppose 5*f + 3*u = 201, f - 29 - 1 = -4*u. Let p(z) = z**3 + 5*z**2 + 3*z. Suppose 4*v + 6 = -2. Let l be p(v). What is the greatest common divisor of f and l?
6
Let c = 243 - 170. Suppose -5*g + 267 + c = 0. Suppose g = -0*o + 2*o. Calculate the greatest common factor of o and 51.
17
Let y(n) be the third derivative of n**6/120 - n**5/10 + n**4/24 - n**3/3 - 5*n**2. Let i be y(6). Calculate the greatest common divisor of 4 and i.
4
Let j = 17 - -4. What is the greatest common factor of j and 14?
7
Let t(f) = 6*f**2 + 1. Let r be t(3). Suppose -36 + 31 = -s. Suppose r + 15 = s*y. Calculate the highest common divisor of 35 and y.
7
Let c = 129 + -111. Suppose -3*j + 3*u + 84 = 0, 7*j - 109 = 3*j + u. What is the highest common divisor of c and j?
9
Let z be ((-6)/(-10))/(2/70). Let g be (1 - -8)*z/9. Let k = -31 + 45. What is the highest common divisor of k and g?
7
Suppose 7*j - 2*c + 11 = 8*j, -2*c = -2. Let i(s) = 14*s**2 - s. Let u be i(2). Calculate the highest common divisor of j and u.
9
Let q(s) = 13 + 10 + 2*s - 3*s. Let c be q(8). Calculate the greatest common divisor of 45 and c.
15
Let u be 47/4 - (-1)/4. Suppose 5*l - 40 = 4*z, 4*l - z + 5*z - 32 = 0. Calculate the highest common divisor of l and u.
4
Let d be ((-5)/(-1))/((-5)/(-6)). Calculate the greatest common factor of 6 and d.
6
Let w(f) = 5*f**2 - 2*f - 1. Let z be w(-1). Suppose z = -2*t, -s = -2*s + t + 83. Calculate the greatest common factor of 8 and s.
8
Suppose -2*j + 5 = l, -4*l = j - l. Suppose j*f = 4*m - 2*f - 61, 5*m = 2*f + 72. Calculate the highest common factor of 7 and m.
7
Let i be -490*(15/90)/((-2)/6). What is the greatest common factor of i and 35?
35
Let o(c) = 4*c - 20. Let l be o(8). What is the highest common factor of 348 and l?
12
Suppose 5*w + 1 = -4. Let a be 11 - (0/(-1) + w). Let d(j) = 11*j**2 + 3*j - 2. Let y be d(2). What is the greatest common factor of y and a?
12
Let p be 12/(-10)*(-10)/4. Let w(l) = 3*l + 7. Let f be w(6). Suppose p*g + 2*g = f. What is the greatest common divisor of 15 and g?
5
Suppose -4 = 3*p - 37. Let t(s) = 3*s**2 + 2. Let o be t(5). Calculate the greatest common divisor of o and p.
11
Suppose r + 719 = 5*q, -2*q - 2*r = 2*r - 270. Suppose 4*x - 27 = -4*g + 13, 0 = -5*x + 4*g + 77. Calculate the greatest common factor of x and q.
13
Let m(u) = 2*u - 10. Let h be m(7). Suppose 186 = h*p - 3*o, -2*o + 221 = -p + 6*p. Let y be 8/(-10)*p/(-6). Calculate the greatest common factor of y and 24.
6
Let m be 0 - 5*(2 + -10). Calculate the greatest common factor of 10 and m.
10
Let c be 3/(-5)*(-6 - -1). Suppose c*k - 12 = -0*k. Calculate the highest common divisor of k and 44.
4
Suppose -2*h = 4, q + 3*h + 3 + 1 = 0. Let y(t) = t**3 + 12*t**2 - 13*t + 3. Let z be y(-13). What is the greatest common divisor of q and z?
1
Let p(n) be the second derivative of -n**3/6 - n**2 + n. Let r(c) = -9*c + 1. Let f be r(1). Let j be p(f). What is the greatest common factor of j and 42?
6
Suppose q + 0*q - 4*z - 47 = 0, 0 = -2*z - 10. Calculate the greatest common factor of q and 3.
3
Let s = 157 - 71. What is the highest common factor of 215 and s?
43
Let s = -5 - -8. Suppose s*b = 6 + 6. Calculate the highest common divisor of b and 6.
2
Let q be 2 - 215/(-9) - (-28)/252. What is the greatest common factor of 286 and q?
26
Suppose -5*z + s = -22, -2*z = z + 4*s - 4. Let l(i) = 3*i - 13. Let w be l(5). Let v be z + 103 + (0 - w). Calculate the greatest common factor of 15 and v.
15
Let i be -5 - -5 - (0 - 0). Suppose i*l + l - 13 = 0. Calculate the greatest common divisor of 13 and l.
13
Suppose -3*l + 6 = -2*l. Let t be 3*(-2 - (3 + -7)). Calculate the greatest common factor of t and l.
6
Let y(d) = 26*d + 1. Let r be y(1). Suppose -5*c + i = 35, 0*c + 3*i - 21 = c. Let n = r + c. Calculate the highest common divisor of n and 42.
21
Suppose 4*k + 5*f = -102, 3*k - f + 75 = -4*f. Let s = k + 47. What is the greatest common divisor of s and 36?
12
Let b be (-1 + -4)*(-6)/(-15). Let l be (b - 45/(-3)) + -2. Let w = -17 + 50. Calculate the greatest common divisor of l and w.
11
Suppose 10*n - 68 = 6*n. Calculate the greatest common divisor of n and 136.
17
Let m be 171 + -1 + 0 + 1. Suppose 0 = -2*y + 7*y - 20. Suppose y*n - 19 = 57. What is the greatest common divisor of m and n?
19
Let f(j) = 5*j**2 - j. Let m be f(-3). Calculate the greatest common factor of m and 120.
24
Let k = 205 + -73. Calculate the greatest common factor of 12 and k.
12
Let n = 7 + 4. What is the highest common divisor of 77 and n?
11
Let j be (-1)/(-2) + (-42)/(-12). Suppose 28 = y - j*b, -2*y + 7*y = -4*b + 188. Calculate the highest common divisor of 24 and y.
12
Suppose 37 = f - 7*z + 2*z, 5*z + 49 = 2*f. Let n be (2/(-4))/((-2)/f). Calculate the highest common divisor of n and 15.
3
Suppose 9*g - 4*g = -2*c - 19, c - 7 = 3*g. Let d be 32/2 - (-3)/(-3). Let z be (42/(-5))/(g/d). What is the greatest common divisor of z and 14?
14
Let b = -20 - -36. Calculate the greatest common divisor of 8 and b.
8
Suppose -4*x - 56 = -0*x. Let a = 25 + x. Suppose n + 3 = 0, -a = -w + n + 5. Calculate the highest common divisor of 26 and w.
13
Let n = -19 + 55. Suppose -3*b = 4*f - 90, 6*b + 102 = 4*f + 3*b. What is the greatest common factor of f and n?
12
Suppose 0 = c + 5*d - 97, 4*c = 5*c - 5*d - 127. Calculate the greatest common factor of c and 16.
16
Let r be 11 - (0 + -2 - -3). Calculate the greatest common factor of 10 and r.
10
Let h(y) = -y**3 + 7*y**2 + 4*y - 1. Let f be h(4). Calculate the greatest common divisor of f and 7.
7
Let p(w) = w**2 - w - 4. Let v be p(0). Let u(q) = -5*q - 5. Let i be u(v). Calculate the highest common factor of i and 105.
15
Let h(u) = u**3 + 17*u**2 - u - 2. Let l be h(-17). Calculate the highest common factor of l and 3.
3
Let g(l) = l + 8. Let k be g(-7). Let f(b) = 18*b + 1. Let u be f(k). Let q = u - -6. What is the highest common divisor of q and 5?
5
Let x = 419 - 243. Calculate the highest common factor of x and 16.
16
Suppose 0 = -0*s - 3*s + 3*z + 36, 0 = 3*z. Suppose -22 = -3*a - 352. Let q = a + 218. What is the highest common factor of s and q?
12
Let r be (-80)/2*6/(-15). Suppose -4*d + r + 12 = 0. What is the greatest common divisor of d and 1?
1
Let j be (8 + 4)*((-7)/(-3) + -1). What is the greatest common factor of j and 4?
4
Suppose -t = -5*a + 8, 16 = 7*a - 2*a + 3*t. Let r be 2/(16/10 - a). Let s = 7 + r. What is the greatest common divisor of 10 and s?
2
Let n(v) = -4*v - 1. Let f be n(-2). Suppose f = t + 5*i, t = 3*t + 4*i - 26. Suppose -28 = -5*x + t. What is the greatest common divisor of x and 9?
9
Let a(g) = g**2 + 